{"id":3082,"date":"2022-03-31T09:47:07","date_gmt":"2022-03-31T09:47:07","guid":{"rendered":"https:\/\/resonatamusic.com\/?post_type=product&#038;p=3082"},"modified":"2023-02-11T17:08:18","modified_gmt":"2023-02-11T17:08:18","slug":"arban-morceau-de-concours-for-solo-cornet-trumpet-pdf-download","status":"publish","type":"product","link":"https:\/\/resonatamusic.com\/?product=arban-morceau-de-concours-for-solo-cornet-trumpet-pdf-download","title":{"rendered":"Arban &#8211; Morceau de Concours for Solo Cornet\/Trumpet (PDF Download)"},"content":{"rendered":"<p>Jean-Baptiste Arban is best known to brass players for his <i>Grand m\u00e9thode compl\u00e8te pour cornet \u00e0 pistons et de saxhorn, <\/i>published in 1864.<i> <\/i>A comprehensive method in technique for cornet or trumpet, the work is even to this day considered to be the \u2018Trumpeter\u2019s Bible\u2019. During his lifetime, Arban became the leading exponent of the cornet and did a tremendous amount to increase the instrument\u2019s profile, demonstrating an exceptionally high level of virtuosity which truly showed that the instrument could be a solo instrument in its own right. Much in the manner of Paganini, he would often perform works he had written himself, which were especially designed to show off his talents &#8211; his variations on <i>The Carnival of Venice <\/i>being the best-known example. This <i>Morceau de Concours <\/i>is another of these &#8211; a short and virtuosic work for solo cornet, which is also suited to performance on trumpet.<\/p>\n<p>Parts included:<\/p>\n<ul>\n<li>Cornet\/Trumpet in B-flat<\/li>\n<li>Trumpet in C<\/li>\n<\/ul>\n<p>Purchasing this product entitles you to download it three times. You will receive an email with a link to download your files upon completing payment.<\/p>\n","protected":false},"excerpt":{"rendered":"<p>Jean-Baptiste Arban is best known to brass players for his Grand m\u00e9thode compl\u00e8te pour cornet \u00e0 pistons et de saxhorn, published in 1864. A comprehensive method in technique for cornet or trumpet, the work is even to this day considered to be the \u2018Trumpeter\u2019s Bible\u2019. During his lifetime, Arban became the leading exponent of the  [&#8230;]<\/p>\n","protected":false},"featured_media":1252,"comment_status":"closed","ping_status":"closed","template":"","meta":[],"product_brand":[],"product_cat":[1024],"product_tag":[],"class_list":{"0":"post-3082","1":"product","2":"type-product","3":"status-publish","4":"has-post-thumbnail","6":"product_cat-download","7":"pa_arranger-couturier-jean-louis","8":"pa_composer-arban-jean-baptiste","9":"pa_instrumentation-solo-cornet","10":"pa_instrumentation-solo-trumpet","11":"pa_length-less-than-5-mins","12":"pa_style-romantic","13":"pa_type-sheet-music-download-download","15":"first","16":"instock","17":"downloadable","18":"virtual","19":"purchasable","20":"product-type-simple"},"jetpack_sharing_enabled":true,"_links":{"self":[{"href":"https:\/\/resonatamusic.com\/index.php?rest_route=\/wp\/v2\/product\/3082","targetHints":{"allow":["GET"]}}],"collection":[{"href":"https:\/\/resonatamusic.com\/index.php?rest_route=\/wp\/v2\/product"}],"about":[{"href":"https:\/\/resonatamusic.com\/index.php?rest_route=\/wp\/v2\/types\/product"}],"replies":[{"embeddable":true,"href":"https:\/\/resonatamusic.com\/index.php?rest_route=%2Fwp%2Fv2%2Fcomments&post=3082"}],"wp:featuredmedia":[{"embeddable":true,"href":"https:\/\/resonatamusic.com\/index.php?rest_route=\/wp\/v2\/media\/1252"}],"wp:attachment":[{"href":"https:\/\/resonatamusic.com\/index.php?rest_route=%2Fwp%2Fv2%2Fmedia&parent=3082"}],"wp:term":[{"taxonomy":"product_brand","embeddable":true,"href":"https:\/\/resonatamusic.com\/index.php?rest_route=%2Fwp%2Fv2%2Fproduct_brand&post=3082"},{"taxonomy":"product_cat","embeddable":true,"href":"https:\/\/resonatamusic.com\/index.php?rest_route=%2Fwp%2Fv2%2Fproduct_cat&post=3082"},{"taxonomy":"product_tag","embeddable":true,"href":"https:\/\/resonatamusic.com\/index.php?rest_route=%2Fwp%2Fv2%2Fproduct_tag&post=3082"}],"curies":[{"name":"wp","href":"https:\/\/api.w.org\/{rel}","templated":true}]}}